ctor of v and 12?
12
Suppose 3*b = 4*m + 173, -179 = -4*b + 5*m - 10*m. Suppose 0*h - 30 = 2*h - 2*z, -z = -4*h - 51. Let t = h + 46. What is the highest common divisor of b and t?
17
Let w(x) = -x**2 + 5*x - 3. Let d be w(7). Let m = -8 - d. Let t be (5/(-10))/((-3)/54). Calculate the greatest common factor of t and m.
9
Let s(x) = -x + 8. Let k be s(6). Let f(l) = -l**2 + 9*l - 12. Suppose -18 = -7*p + 31. Let h be f(p). Calculate the highest common factor of k and h.
2
Let a = -422 - -719. What is the greatest common factor of a and 33?
33
Suppose 0*u = -u + 1. Let x = u - -7. What is the highest common factor of x and 4?
4
Suppose 0 + 5 = f, 0 = 2*t - 3*f - 289. Let s(g) = -5*g - 1. Let p be s(-4). Calculate the highest common divisor of t and p.
19
Let j(t) = -14*t**3 - 2*t**2 + 1. Let r be j(-1). Suppose 3*d + 183 = 3*y, 2*d = -5*y + d + 329. Calculate the greatest common factor of r and y.
13
Let r(n) = -11*n - 22. Let v be r(-18). Let g be 3/((-27)/(-6))*72. Let d = g + -32. What is the highest common divisor of d and v?
16
Suppose 10 + 8 = 3*f. Calculate the highest common factor of f and 2.
2
Let n(c) be the third derivative of 2*c**4/3 + c**3/6 + 4*c**2. Suppose 3*w - 1 = 2. Let s be n(w). Calculate the highest common divisor of s and 34.
17
Suppose 5*a = -a + 24. Calculate the greatest common divisor of 10 and a.
2
Let f be (1 + -1)/(-3 - -1). Suppose -2*w + m + 2*m + 5 = f, -w - 3 = 4*m. Let g be 3 - -62 - w/(-1). Calculate the highest common factor of 6 and g.
6
Let p be (-90)/(-21) - 2/7. Suppose 2*o = 4*o + 8. Let k = 36 + o. What is the highest common factor of k and p?
4
Let k be -7*(-3)/((-6)/(-8)). Suppose -100*o - 42 = -103*o. What is the greatest common divisor of k and o?
14
Let g(w) be the third derivative of -w**6/120 + w**4/12 - 4*w**2. Let q be g(2). Let b be (2/q)/(1/(-120)). What is the highest common divisor of 10 and b?
10
Let v be 1368/14 + 2/7. Suppose -30 = -2*o + v. Calculate the greatest common divisor of 8 and o.
8
Suppose 4 = 2*l, -4*j - 2*l - 1 = 3. Let z be ((-3)/j)/(21/28). Calculate the highest common factor of z and 22.
2
Let f = 21 - 29. Let i be 52/2 + f/(-2). Calculate the highest common factor of i and 20.
10
Let q = 11 - 6. Suppose -5*j - q*r + r + 72 = 0, -j + r + 9 = 0. Let f = -73 - -169. What is the greatest common factor of j and f?
12
Let q(x) = -x - 4. Let p(c) = -2*c - 9. Let y = -34 - -21. Let b(a) = y*q(a) + 6*p(a). Let n be b(3). What is the greatest common divisor of n and 3?
1
Suppose -3*s - 2*y - 80 = -7*s, 0 = 5*s - y - 103. Let l be s*(2 - (-5)/(-3)). What is the greatest common divisor of l and 56?
7
Suppose h - 55 = -1. Let p(z) = -z**3 + 10*z**2 - 2*z - 2. Let g be p(6). Suppose g = 4*y + 5*f - 39, -f = -5. What is the highest common factor of y and h?
18
Suppose 4*h - 146 = 42. Let j = -27 + h. Suppose -4*d - 12 = 0, -5*q - 5*d = -d - 13. Calculate the highest common factor of j and q.
5
Let v = -15 - -23. What is the greatest common factor of 88 and v?
8
Suppose -98 = 4*q - 242. What is the greatest common factor of q and 4?
4
Let w = 5 + -7. Let u be w/7 + 678/21. Let a = 137 + -89. Calculate the greatest common divisor of a and u.
16
Let v be (24/(-36))/((-2)/75). What is the greatest common factor of 5 and v?
5
Let w be 5 + 4/8*0 - -1. What is the greatest common factor of 42 and w?
6
Suppose -a = -3*d - 2, a = -2*a - 4*d - 7. Let r = a + 10. Calculate the greatest common factor of 81 and r.
9
Let t be (-1)/3 + 1086/18. Calculate the greatest common factor of 10 and t.
10
Suppose 2*i + 24 - 4 = 0. Let n be (56/(-40))/(2/i). Calculate the greatest common divisor of 35 and n.
7
Suppose -5*z + 5 + 25 = 0. Calculate the greatest common divisor of 30 and z.
6
Suppose 3*c = 3*g - 9 + 3, c = 2*g - 6. Calculate the highest common divisor of 44 and g.
4
Suppose 4*u - q - 2 = 0, 4*q - 2*q = -4*u - 4. Let o be 67 - (2 - u) - 0. Let r = o - 43. What is the greatest common divisor of 11 and r?
11
Suppose -2*k + 0*k + 19 = h, -k + 12 = 3*h. Calculate the greatest common divisor of 1 and k.
1
Let g = 61 + -21. Let i be 0 - -8 - -4 - 2. What is the highest common divisor of g and i?
10
Let d be (-3)/(4 - 934/232). Suppose 0 = -3*r - r + d. What is the highest common factor of r and 319?
29
Suppose -3*z = -85 - 26. Let o = -18 + z. Calculate the greatest common factor of o and 171.
19
Let a be 1/(-2)*(-3 + -25). Suppose 0*k - 10 = -5*k. Let w be 21/(k/(2 + 2)). Calculate the highest common divisor of a and w.
14
Let p(f) = -f - 10. Let u be p(-15). What is the highest common factor of u and 5?
5
Let l be -8*(3/(-24))/(3/90). Calculate the highest common factor of 210 and l.
30
Let r be ((-6)/9)/(6/9). Let c = r + 7. Calculate the highest common factor of 2 and c.
2
Let b(u) = u + 5. Let y be b(-4). Let m be y - (-32)/(-3 + 5). Calculate the greatest common factor of 68 and m.
17
Suppose -3*k + 0*k + 5*w = -342, 0 = -3*w. Calculate the greatest common factor of k and 38.
38
Let y(g) = g**3 + 6*g**2 - 2*g - 6. Let f be y(-6). Let k be ((-45)/12)/(4/(-16)). Calculate the highest common factor of k and f.
3
Let m(r) = -r + 6. Let x be m(6). Let z = 2 + 0. Suppose 2*o - z*q + 0*q - 4 = x, -2*q + 8 = 4*o. What is the greatest common divisor of o and 16?
2
Suppose -j = 2*g - 318, 624 = 2*j + 3*g - 2*g. Calculate the greatest common factor of j and 31.
31
Suppose -g - 5*c - 23 = 0, 0 = -2*g - g - 3*c - 9. Calculate the greatest common divisor of 18 and g.
2
Let d = 71 + -38. What is the highest common factor of 44 and d?
11
Let t = 29 - -3. Let r = t - 14. Calculate the greatest common factor of 3 and r.
3
Let h(n) = 37*n**2 - 1. Let s = -1 + 2. Let c be h(s). Let z(g) = 5*g - 3. Let r be z(3). What is the highest common divisor of c and r?
12
Let l be 3/2 - (-435)/10. Let x = -32 + l. Calculate the greatest common factor of x and 143.
13
Let j(x) = -x - 3. Let m be j(0). Let p be 2 + (m/(-3) - -2). Let t be (11 - 1) + (-2 - -2). What is the highest common factor of t and p?
5
Suppose 0 = -5*v - 24 + 404. Suppose -5*h + 362 = k, -2*k = -0*h + h - v. Let m be (-1 + 6 - 1)*18/8. What is the greatest common divisor of h and m?
9
Suppose -4*x - 8 = 2*s, -5*s + 0*x = -2*x - 16. Suppose s*y - 10 - 194 = 0. Calculate the highest common divisor of 68 and y.
34
Suppose -3*b + 4*b = -28. Let d = 53 + b. What is the greatest common divisor of 75 and d?
25
Let m be 2/(-6) + 32/6. Let p(u) = -u + 9. Let r be p(m). Suppose -2*z - 3*h + 97 = 0, 43 + 127 = r*z - 2*h. What is the greatest common factor of 11 and z?
11
Suppose 5*i + 15 = -z + 2*z, -9 = -z + 2*i. Suppose z*x = x + 252. What is the highest common factor of x and 7?
7
Suppose 3*c + 0*g = -3*g, -5*g = 0. Suppose c = -9*l + 4*l. Let n be 2*16 + l/5. What is the greatest common factor of 80 and n?
16
Let w(h) = -24*h**2 - 2*h + 3. Let x(s) = -25*s**2 - 2*s + 4. Let r(i) = -4*w(i) + 3*x(i). Let l be r(2). What is the greatest common divisor of l and 8?
8
Let s be 59 + 3 + (1 - -1). Calculate the greatest common divisor of s and 48.
16
Let y(j) = 32*j**2 + j - 1. Let i be y(1). Suppose 112 = 14*h - 7*h. What is the highest common divisor of i and h?
16
Suppose -120 = -5*z - 2*i, -2*z + 48 = 3*i - 4*i. What is the greatest common divisor of z and 6?
6
Let x be (-2)/6 - (-38)/6. What is the highest common divisor of x and 6?
6
Let a be (-2)/(-7) - 750/(-21). Calculate the greatest common divisor of a and 252.
36
Suppose 121 = 5*z + 41. What is the greatest common factor of z and 8?
8
Suppose -5*n + 791 = -1099. What is the greatest common divisor of n and 42?
42
Let h = -27 + 39. Let l be 4/(-3)*(-630)/h. Let t be 25/2*16/20. Calculate the greatest common divisor of t and l.
10
Let f = -54 + 81. What is the greatest common divisor of f and 297?
27
Let z(o) = -4*o - 2. Let s be 3*3*2/(-9). Let h be z(s). Calculate the highest common divisor of 6 and h.
6
Suppose 17*x = 13*x + 108. What is the highest common divisor of 36 and x?
9
Let b = -22 - -57. Let o = 48 - 34. Calculate the greatest common factor of o and b.
7
Suppose 4*h = u + 41, 28 = 3*h - 2*u + 4*u. Let f be (5 + -3)/(2/3). Suppose j - 10 = b, 4*j + 21 - 61 = -f*b. What is the greatest common divisor of h and j?
10
Let i be 5 - 6 - 3 - -68. Suppose 5*l = x + 82, -x + 3*x = 4*l - 68. What is the 